hat is the remainder when (2*29/(-2))/(-1) is divided by d?
9
Let z be (20 - 5) + 0 + 2. Suppose -n - 4 = -z. What is the remainder when 37 is divided by n?
11
Suppose -5*g = 3*d - 55, -3*g + 3*d - 6 + 15 = 0. Suppose 5*t = -10, 2*j - 106 = g*t - 5*t. Calculate the remainder when j is divided by 13.
11
Suppose 5*v = 2*o + 181, -2*v + 60 = -4*o - 6. Calculate the remainder when 402 is divided by v.
32
Let f = 247 - 191. Calculate the remainder when f is divided by 15.
11
Let b = 12 + -18. Let y be b/21 - 37/(-7). Suppose -25 = -5*j - 2*m, -y*j + 55 = -5*m + m. What is the remainder when 11 is divided by j?
4
Suppose -i = -2*p - 15 + 58, -2*p + 47 = -5*i. Suppose q - 9 = -5*s + p, 4*q - 30 = -5*s. Let g = -2 - -7. Calculate the remainder when s is divided by g.
1
Suppose 39*l - 7*l - 672 = 0. What is the remainder when 539 is divided by l?
14
Let l be (1 - -221)*5/10. Suppose l + 0 = 3*o. Suppose -20 - 34 = -4*k - g, 5*k + 2*g = 69. What is the remainder when o is divided by k?
11
Let d(l) = 16*l. Calculate the remainder when 49/21*801/21*(-1 - -2) is divided by d(3).
41
Let q = -9 + 119. Suppose -3*a + 4*c = 2*c - 173, 0 = -2*a + 4*c + q. Calculate the remainder when a is divided by 15.
14
Suppose -36 = 4*n - 756. Suppose -n = -5*c + 15. Let a(f) = -4*f - 39. What is the remainder when c is divided by a(-15)?
18
Let k(a) = -2 + 11*a + 6*a**2 + 7*a**2 + 5 + a**3. Let h = -37 + 25. What is the remainder when 44 is divided by k(h)?
14
Suppose 7*l - 6*l = 3*n + 87, -2*l = 2*n - 166. What is the remainder when l is divided by 26?
6
Suppose 4*x - 570 = -2*x. Let s = x - 60. What is the remainder when s is divided by 10?
5
Suppose 10 = -b + 15. Suppose -88 + 518 = b*o. What is the remainder when o is divided by 22?
20
Let x = -23 + 41. Suppose -723 = 3*b - i, -4*b - 969 = -0*b - 3*i. What is the remainder when 22/(-3)*b/20 is divided by x?
16
Suppose -15*w + 49 = -8*w. Calculate the remainder when 81 is divided by w.
4
Suppose -3*q = -2*g - 121, 131 = 3*q - 8*g + 4*g. What is the remainder when 58 is divided by q?
21
Let m be (22/4)/(-11)*36. What is the remainder when 42 is divided by (-3 - 1)/(6/m)?
6
Let d be (-26)/(-2) - -3 - -2. Let t = -22 + d. Let q(j) = -2*j + 8. What is the remainder when 31 is divided by q(t)?
15
Let o = 833 - 769. What is the remainder when o is divided by 23?
18
Let m(c) = c**2 - 33*c + 14. What is the remainder when 234 is divided by m(34)?
42
Let f be (-616)/(-40) + 4/(-10) - 1. Suppose -18*h + 24 = -f*h. Calculate the remainder when 29 is divided by h.
5
Let h = -1 - -3. Let n(g) = -5 + 1 - 13 - 3*g - 16*g - g**h. Calculate the remainder when n(-15) is divided by 23.
20
Let g(y) = 2*y**2 - 2*y + 4. Let k be g(5). Let s = k + -16. Suppose 0 = -222*n + 62*n + 1440. What is the remainder when s is divided by n?
1
Suppose -c + 4*c - 212 = -4*v, 2*v - 3*c - 124 = 0. Calculate the remainder when v is divided by (102/(-12) - -5)*(-40)/14.
6
Let h(m) = 10*m**2 - 3*m + 4. Let i be h(1). Suppose i*p - 13*p + 66 = 0. Calculate the remainder when p is divided by 12.
9
Let o(u) = 47*u - 491. What is the remainder when o(25) is divided by 336?
12
Let r(w) = 2*w**2 - 15*w + 18. Let i be r(10). Suppose 10 - 4 = 3*t. Suppose t*z + 2*z = i. Calculate the remainder when 67 is divided by z.
16
Suppose 99 = 2*i + 4*z - 367, -2*i - z = -463. What is the remainder when i is divided by 17?
10
Let f = 9 + -4. Suppose -j = -2*c + 3*c - 12, c = 5*j + 12. Suppose -c = -11*t + 5*t. Calculate the remainder when f is divided by t.
1
Let q = -789 - -956. What is the remainder when q is divided by 14?
13
Let l be (-6)/(-2) + (-4 - -2). Let v be (2 - (0 - l)) + 8. Suppose 4*r - v = 5*h, 0 = h + 2*h + r - 7. What is the remainder when h is divided by 1?
0
Let y = 1745 - 1653. Calculate the remainder when y is divided by 32.
28
What is the remainder when -3*(-3 - (-81 - -1)/(-5)) is divided by 22?
13
Let c(o) = o**3 + o**2 - 4*o - 4. Calculate the remainder when c(4) is divided by (3/2)/(12/10*(-525)/(-7140)).
9
What is the remainder when 230 is divided by (286/33 - 9) + 175/3?
56
Suppose 2*r = -5*i + 6, -2*i + 0 = -r + 21. Calculate the remainder when -1 + 78/(1 + 1) is divided by r.
12
Calculate the remainder when -2 + (-2463)/(-23) + (-6)/69 is divided by 75.
30
Let j(o) = o**2 + 54*o - 487. Calculate the remainder when 67 is divided by j(8).
4
Let t(q) = 3*q - 6. Let n be t(4). Let h = n + -8. What is the remainder when (h/8)/((-13)/364) is divided by 4?
3
Let z(g) be the first derivative of g**4/4 + 2*g**3 - 2*g**2 - 8*g + 4. Let c = 70 - 29. What is the remainder when c is divided by z(-6)?
9
Suppose n + 2*v - 1 = 1, 0 = -5*n - 5*v + 5. Suppose n*o - 200 = -5*a + 2*o, -2*o - 10 = 0. Calculate the remainder when a is divided by 4.
2
What is the remainder when 165 is divided by (-344)/(-28) + 6/(-21)?
9
Let c(u) = 7*u + 9. Let v be c(-1). Suppose -2*w + w + 2 = -v*b, -4*w + 43 = -b. What is the remainder when 30 is divided by w?
6
Let g = -28 + 24. Let o be ((-21)/g)/7*4. Suppose -2*d + 55 = o*d. Calculate the remainder when 20 is divided by d.
9
Let o = -65 - -144. Suppose -r + 120 = 4*h, 0*r - 2*r = -3*h + o. Let s(i) = i**2 - 20*i - 374. Calculate the remainder when h is divided by s(-12).
9
Let j = -6 + 8. Suppose 5*n + 3*q = 16, -n + 4*q - 4 - 2 = 0. Suppose n*f - 20 = -j*f. Calculate the remainder when 18 is divided by f.
3
What is the remainder when (-205)/(-2) - 2/(-4) is divided by 41?
21
Let s(y) = 2*y**3 - 18*y**2 + 29*y - 36. What is the remainder when 1834 is divided by s(8)?
66
What is the remainder when 46 is divided by 1/(-6 + (-206)/(-34))?
12
Suppose -2*y + 8*y = 24. Suppose -r - r = -4*g + 48, 2*g - y*r = 24. What is the remainder when 57 is divided by g?
9
Let y = -5 - 3. Let u = 20 - y. Let w = u - 22. What is the remainder when w is divided by 4?
2
Calculate the remainder when (2162 - -4) + 7/7 is divided by 14.
11
Let f = 22 - 38. Let x = f + 26. Suppose -n - 6 = -x. Calculate the remainder when n is divided by 1.
0
Suppose -2*d + 5*l = -108, -2*d = 7*l - 11*l - 108. Calculate the remainder when 160 is divided by d.
52
Suppose 4*c + 4*i - 76 = 0, -10 + 33 = c + 2*i. What is the remainder when c is divided by 12/(2 - (-3)/(-6))?
7
Let u(p) = 8*p**2 + 7. Let n = 227 + -181. What is the remainder when u(-4) is divided by n?
43
Let m(s) = s**3 + 72*s**2 + 137*s + 91. What is the remainder when m(-70) is divided by 63?
49
Let h be 1210/(-20) - (-1)/(-2). Let m = 12 - h. What is the remainder when m is divided by 15?
13
Let w(h) = h**2. Let i(q) = -q**3 - q + 13. Let z(d) = -i(d) - 2*w(d). Calculate the remainder when z(4) is divided by 15.
8
Let b(m) = m**2 - 32*m + 64. What is the remainder when (14/(-3))/(6/(-27)) is divided by b(30)?
1
Suppose -2*k - 3*k = -5*q + 14620, 11701 = 4*q + k. Calculate the remainder when q is divided by 11.
10
Let x = 1103 + -1091. Calculate the remainder when 118 is divided by x.
10
Let y = 1 + 4. Suppose -4*t = 2*t - 30. Calculate the remainder when y is divided by 1 - -5 - (t + (-4)/2).
2
Let f(k) = -38*k + 729. Calculate the remainder when 373 is divided by f(16).
10
Suppose 3*q - 23 = 4*j, j - 8 = q - 3*q. Suppose 4*y + 2*v = 627 - 183, 3*y + q*v = 326. Calculate the remainder when y is divided by 29.
25
Let c = -39 + 57. Calculate the remainder when 29 is divided by (8/6)/(3/c).
5
Let d be (2/4)/(13/130). Suppose d*q = 15, 0*y - q - 132 = -3*y. Suppose 2*z + z - y = 0. Calculate the remainder when z is divided by 8.
7
Calculate the remainder when 19 is divided by 3 + (1 - -2) - 0.
1
Let h(c) = c**2 - 5*c - 2. Let m(x) = -2*x**2 - 10*x + 6. Let s be m(-5). Let j be h(s). Calculate the remainder when 11 is divided by j/1 + (18 - 15).
4
Suppose 8 = 7*r - 13. Suppose 0 = -3*m - 0*z - r*z + 3, 0 = m + 3*z + 1. Suppose 2*o - 3*o = -3. What is the remainder when o is divided by m?
1
Suppose -104*i + 902 = 170 - 308. Suppose -364 = -5*l - 4*v, -4*v = -2*v + 8. Suppose 0 = -5*h + l + 9. What is the remainder when h is divided by i?
7
Suppose d = 3*h - 79, -14 - 6 = 5*d. Calculate the remainder when 139 is divided by h.
14
Suppose -126 = 846*t - 849*t. What is the remainder when 667 is divided by t?
37
Suppose -w + 24 = 2*w. Let y = -8654 + 8681. What is the remainder when y is divided by w?
3
Suppose 